{"id":533,"date":"2017-06-04T10:23:29","date_gmt":"2017-06-04T10:23:29","guid":{"rendered":"https:\/\/wp-royal.com\/themes\/bard-free\/demo-import\/?page_id=533"},"modified":"2023-05-03T16:49:10","modified_gmt":"2023-05-03T16:49:10","slug":"inicio","status":"publish","type":"page","link":"https:\/\/formacionactiva.com.mx\/oferta-educativa\/","title":{"rendered":"Inicio"},"content":{"rendered":"\t\t<div data-elementor-type=\"wp-post\" data-elementor-id=\"533\" class=\"elementor elementor-533\">\n\t\t\t\t\t\t<section class=\"elementor-section elementor-top-section elementor-element elementor-element-793e453 elementor-section-content-middle elementor-section-boxed elementor-section-height-default elementor-section-height-default\" data-id=\"793e453\" data-element_type=\"section\" data-e-type=\"section\">\n\t\t\t\t\t\t\t<div class=\"elementor-background-overlay\"><\/div>\n\t\t\t\t\t\t\t<div class=\"elementor-container elementor-column-gap-no\">\n\t\t\t\t\t<div class=\"elementor-column elementor-col-100 elementor-top-column elementor-element elementor-element-39973d3b\" data-id=\"39973d3b\" data-element_type=\"column\" data-e-type=\"column\">\n\t\t\t<div class=\"elementor-widget-wrap elementor-element-populated\">\n\t\t\t\t\t\t<div class=\"elementor-element elementor-element-41bbf6a7 elementor-widget elementor-widget-icon-box\" data-id=\"41bbf6a7\" data-element_type=\"widget\" data-e-type=\"widget\" data-widget_type=\"icon-box.default\">\n\t\t\t\t<div class=\"elementor-widget-container\">\n\t\t\t\t\t\t\t<div class=\"elementor-icon-box-wrapper\">\n\n\t\t\t\n\t\t\t\t\t\t<div class=\"elementor-icon-box-content\">\n\n\t\t\t\t\t\t\t\t\t<h4 class=\"elementor-icon-box-title\">\n\t\t\t\t\t\t<span  >\n\t\t\t\t\t\t\tWorld's Fastest\t\t\t\t\t\t<\/span>\n\t\t\t\t\t<\/h4>\n\t\t\t\t\n\t\t\t\t\t\t\t\t\t<p class=\"elementor-icon-box-description\">\n\t\t\t\t\t\tRompe las barreras del sal\u00f3n de clases\t\t\t\t\t<\/p>\n\t\t\t\t\n\t\t\t<\/div>\n\t\t\t\n\t\t<\/div>\n\t\t\t\t\t\t<\/div>\n\t\t\t\t<\/div>\n\t\t\t\t<div class=\"elementor-element elementor-element-7fdbb9c1 elementor-widget elementor-widget-text-editor\" data-id=\"7fdbb9c1\" data-element_type=\"widget\" data-e-type=\"widget\" data-widget_type=\"text-editor.default\">\n\t\t\t\t<div class=\"elementor-widget-container\">\n\t\t\t\t\t\t\t\t\t<p>En Formaci\u00f3n Activa impulsamos el desarrollo profesional y personal innovando en la aplicaci\u00f3n de tecnolog\u00eda para la educaci\u00f3n en el campo de la salud mental y la atenci\u00f3n psicol\u00f3gica profesional en l\u00ednea.<\/p>\t\t\t\t\t\t\t\t<\/div>\n\t\t\t\t<\/div>\n\t\t\t\t\t<\/div>\n\t\t<\/div>\n\t\t\t\t\t<\/div>\n\t\t<\/section>\n\t\t\t\t<section class=\"elementor-section elementor-top-section elementor-element elementor-element-5cfc7e8 elementor-section-boxed elementor-section-height-default elementor-section-height-default\" data-id=\"5cfc7e8\" data-element_type=\"section\" data-e-type=\"section\" data-settings=\"{&quot;background_background&quot;:&quot;classic&quot;}\">\n\t\t\t\t\t\t<div class=\"elementor-container elementor-column-gap-default\">\n\t\t\t\t\t<div class=\"elementor-column elementor-col-100 elementor-top-column elementor-element elementor-element-5bbc891\" data-id=\"5bbc891\" data-element_type=\"column\" data-e-type=\"column\">\n\t\t\t<div class=\"elementor-widget-wrap elementor-element-populated\">\n\t\t\t\t\t\t<section class=\"elementor-section elementor-inner-section elementor-element elementor-element-2a6d5739 elementor-reverse-tablet elementor-reverse-mobile elementor-section-boxed elementor-section-height-default elementor-section-height-default\" data-id=\"2a6d5739\" data-element_type=\"section\" data-e-type=\"section\" data-settings=\"{&quot;background_background&quot;:&quot;classic&quot;}\">\n\t\t\t\t\t\t<div class=\"elementor-container elementor-column-gap-wider\">\n\t\t\t\t\t<div class=\"elementor-column elementor-col-33 elementor-inner-column elementor-element elementor-element-1b694ee3 elementor-hidden-mobile\" data-id=\"1b694ee3\" data-element_type=\"column\" data-e-type=\"column\">\n\t\t\t<div class=\"elementor-widget-wrap\">\n\t\t\t\t\t\t\t<\/div>\n\t\t<\/div>\n\t\t\t\t<div class=\"elementor-column elementor-col-33 elementor-inner-column elementor-element elementor-element-64b842e4\" data-id=\"64b842e4\" data-element_type=\"column\" data-e-type=\"column\">\n\t\t\t<div class=\"elementor-widget-wrap elementor-element-populated\">\n\t\t\t\t\t\t<div class=\"elementor-element elementor-element-11dd70c elementor-view-framed elementor-shape-square elementor-position-block-start elementor-mobile-position-block-start elementor-widget elementor-widget-icon-box\" data-id=\"11dd70c\" data-element_type=\"widget\" data-e-type=\"widget\" data-widget_type=\"icon-box.default\">\n\t\t\t\t<div class=\"elementor-widget-container\">\n\t\t\t\t\t\t\t<div class=\"elementor-icon-box-wrapper\">\n\n\t\t\t\t\t\t<div class=\"elementor-icon-box-icon\">\n\t\t\t\t<span  class=\"elementor-icon elementor-animation-grow\">\n\t\t\t\t<i aria-hidden=\"true\" class=\"fas fa-chalkboard-teacher\"><\/i>\t\t\t\t<\/span>\n\t\t\t<\/div>\n\t\t\t\n\t\t\t\t\t\t<div class=\"elementor-icon-box-content\">\n\n\t\t\t\t\t\t\t\t\t<h3 class=\"elementor-icon-box-title\">\n\t\t\t\t\t\t<span  >\n\t\t\t\t\t\t\tFormaci\u00f3n\t\t\t\t\t\t<\/span>\n\t\t\t\t\t<\/h3>\n\t\t\t\t\n\t\t\t\t\t\t\t\t\t<p class=\"elementor-icon-box-description\">\n\t\t\t\t\t\tCursos y diplomados en l\u00ednea  dirigidos a profesionales de la salud mental buscando la especializaci\u00f3n en  diversos campos de la Psicolog\u00eda.\t\t\t\t\t<\/p>\n\t\t\t\t\n\t\t\t<\/div>\n\t\t\t\n\t\t<\/div>\n\t\t\t\t\t\t<\/div>\n\t\t\t\t<\/div>\n\t\t\t\t<div class=\"elementor-element elementor-element-6077b90a elementor-view-framed elementor-shape-square elementor-position-block-start elementor-mobile-position-block-start elementor-widget elementor-widget-icon-box\" data-id=\"6077b90a\" data-element_type=\"widget\" data-e-type=\"widget\" data-widget_type=\"icon-box.default\">\n\t\t\t\t<div class=\"elementor-widget-container\">\n\t\t\t\t\t\t\t<div class=\"elementor-icon-box-wrapper\">\n\n\t\t\t\t\t\t<div class=\"elementor-icon-box-icon\">\n\t\t\t\t<span  class=\"elementor-icon elementor-animation-grow\">\n\t\t\t\t<i aria-hidden=\"true\" class=\"fas fa-briefcase-medical\"><\/i>\t\t\t\t<\/span>\n\t\t\t<\/div>\n\t\t\t\n\t\t\t\t\t\t<div class=\"elementor-icon-box-content\">\n\n\t\t\t\t\t\t\t\t\t<h3 class=\"elementor-icon-box-title\">\n\t\t\t\t\t\t<span  >\n\t\t\t\t\t\t\tTerapia\t\t\t\t\t\t<\/span>\n\t\t\t\t\t<\/h3>\n\t\t\t\t\n\t\t\t\t\t\t\t\t\t<p class=\"elementor-icon-box-description\">\n\t\t\t\t\t\tServicio de consulta psicol\u00f3gica en l\u00ednea abierta al p\u00fablico en general, en modalidad individual y de pareja, impartida a trav\u00e9s de videollamada en distintas aplicaciones.\t\t\t\t\t<\/p>\n\t\t\t\t\n\t\t\t<\/div>\n\t\t\t\n\t\t<\/div>\n\t\t\t\t\t\t<\/div>\n\t\t\t\t<\/div>\n\t\t\t\t<div class=\"elementor-element elementor-element-46f87514 elementor-view-framed elementor-shape-square elementor-position-block-start elementor-mobile-position-block-start elementor-widget elementor-widget-icon-box\" data-id=\"46f87514\" data-element_type=\"widget\" data-e-type=\"widget\" data-widget_type=\"icon-box.default\">\n\t\t\t\t<div class=\"elementor-widget-container\">\n\t\t\t\t\t\t\t<div class=\"elementor-icon-box-wrapper\">\n\n\t\t\t\t\t\t<div class=\"elementor-icon-box-icon\">\n\t\t\t\t<span  class=\"elementor-icon elementor-animation-grow\">\n\t\t\t\t<i aria-hidden=\"true\" class=\"fas fa-university\"><\/i>\t\t\t\t<\/span>\n\t\t\t<\/div>\n\t\t\t\n\t\t\t\t\t\t<div class=\"elementor-icon-box-content\">\n\n\t\t\t\t\t\t\t\t\t<h3 class=\"elementor-icon-box-title\">\n\t\t\t\t\t\t<span  >\n\t\t\t\t\t\t\tCapacitaci\u00f3n\t\t\t\t\t\t<\/span>\n\t\t\t\t\t<\/h3>\n\t\t\t\t\n\t\t\t\t\t\t\t\t\t<p class=\"elementor-icon-box-description\">\n\t\t\t\t\t\tCursos de capacitaci\u00f3n para empresas, en modalidad presencial y en l\u00ednea, con objetivos predise\u00f1ados o creados bajo demanda de acuerdo con las necesidades del cliente.\t\t\t\t\t<\/p>\n\t\t\t\t\n\t\t\t<\/div>\n\t\t\t\n\t\t<\/div>\n\t\t\t\t\t\t<\/div>\n\t\t\t\t<\/div>\n\t\t\t\t\t<\/div>\n\t\t<\/div>\n\t\t\t\t<div class=\"elementor-column elementor-col-33 elementor-inner-column elementor-element elementor-element-7ed59411 elementor-hidden-mobile\" data-id=\"7ed59411\" data-element_type=\"column\" data-e-type=\"column\">\n\t\t\t<div class=\"elementor-widget-wrap\">\n\t\t\t\t\t\t\t<\/div>\n\t\t<\/div>\n\t\t\t\t\t<\/div>\n\t\t<\/section>\n\t\t\t\t\t<\/div>\n\t\t<\/div>\n\t\t\t\t\t<\/div>\n\t\t<\/section>\n\t\t\t\t<footer class=\"elementor-section elementor-top-section elementor-element elementor-element-71191f01 elementor-section-boxed elementor-section-height-default elementor-section-height-default\" data-id=\"71191f01\" data-element_type=\"section\" data-e-type=\"section\" id=\"footer\" data-settings=\"{&quot;background_background&quot;:&quot;classic&quot;}\">\n\t\t\t\t\t\t\t<div class=\"elementor-background-overlay\"><\/div>\n\t\t\t\t\t\t\t<div class=\"elementor-container elementor-column-gap-default\">\n\t\t\t\t\t<div class=\"elementor-column elementor-col-100 elementor-top-column elementor-element elementor-element-15f1bc90\" data-id=\"15f1bc90\" data-element_type=\"column\" data-e-type=\"column\">\n\t\t\t<div class=\"elementor-widget-wrap elementor-element-populated\">\n\t\t\t\t\t\t<div class=\"elementor-element elementor-element-1912c108 elementor-widget elementor-widget-text-editor\" data-id=\"1912c108\" data-element_type=\"widget\" data-e-type=\"widget\" data-widget_type=\"text-editor.default\">\n\t\t\t\t<div class=\"elementor-widget-container\">\n\t\t\t\t\t\t\t\t\t<p>\u00bfQuieres m\u00e1s informaci\u00f3n?<\/p><p>Env\u00edanos un mensaje.<\/p>\t\t\t\t\t\t\t\t<\/div>\n\t\t\t\t<\/div>\n\t\t\t\t<div class=\"elementor-element elementor-element-36bb8cf6 elementor-widget elementor-widget-form\" data-id=\"36bb8cf6\" data-element_type=\"widget\" data-e-type=\"widget\" data-widget_type=\"form.default\">\n\t\t\t\t<div class=\"elementor-widget-container\">\n\t\t\t\t\t \t\t\t\t<\/div>\n\t\t\t\t<\/div>\n\t\t\t\t\t<\/div>\n\t\t<\/div>\n\t\t\t\t\t<\/div>\n\t\t<\/footer>\n\t\t\t\t<section class=\"elementor-section elementor-top-section elementor-element elementor-element-fbeb6bd elementor-section-boxed elementor-section-height-default elementor-section-height-default\" data-id=\"fbeb6bd\" data-element_type=\"section\" data-e-type=\"section\">\n\t\t\t\t\t\t<div class=\"elementor-container elementor-column-gap-default\">\n\t\t\t\t\t<div class=\"elementor-column elementor-col-100 elementor-top-column elementor-element elementor-element-614696d\" data-id=\"614696d\" data-element_type=\"column\" data-e-type=\"column\">\n\t\t\t<div class=\"elementor-widget-wrap elementor-element-populated\">\n\t\t\t\t\t\t<div class=\"elementor-element elementor-element-1291783 elementor-widget elementor-widget-reviews\" data-id=\"1291783\" data-element_type=\"widget\" data-e-type=\"widget\" data-widget_type=\"reviews.default\">\n\t\t\t\t<div class=\"elementor-widget-container\">\n\t\t\t\t\t \t\t\t\t<\/div>\n\t\t\t\t<\/div>\n\t\t\t\t<div class=\"elementor-element elementor-element-2f6b763 elementor-widget elementor-widget-image\" data-id=\"2f6b763\" data-element_type=\"widget\" data-e-type=\"widget\" data-widget_type=\"image.default\">\n\t\t\t\t<div class=\"elementor-widget-container\">\n\t\t\t\t\t\t\t\t\t\t\t\t\t\t\t<img decoding=\"async\" width=\"150\" height=\"150\" src=\"https:\/\/formacionactiva.com.mx\/oferta-educativa\/wp-content\/uploads\/2022\/11\/Finanzas-Personales-150x150.png\" class=\"attachment-thumbnail size-thumbnail wp-image-6423\" alt=\"\" srcset=\"https:\/\/formacionactiva.com.mx\/oferta-educativa\/wp-content\/uploads\/2022\/11\/Finanzas-Personales-150x150.png 150w, https:\/\/formacionactiva.com.mx\/oferta-educativa\/wp-content\/uploads\/2022\/11\/Finanzas-Personales-300x300.png 300w, https:\/\/formacionactiva.com.mx\/oferta-educativa\/wp-content\/uploads\/2022\/11\/Finanzas-Personales.png 1024w, https:\/\/formacionactiva.com.mx\/oferta-educativa\/wp-content\/uploads\/2022\/11\/Finanzas-Personales-768x768.png 768w, https:\/\/formacionactiva.com.mx\/oferta-educativa\/wp-content\/uploads\/2022\/11\/Finanzas-Personales-75x75.png 75w, https:\/\/formacionactiva.com.mx\/oferta-educativa\/wp-content\/uploads\/2022\/11\/Finanzas-Personales-100x100.png 100w\" sizes=\"(max-width: 150px) 100vw, 150px\" \/>\t\t\t\t\t\t\t\t\t\t\t\t\t\t\t<\/div>\n\t\t\t\t<\/div>\n\t\t\t\t<div class=\"elementor-element elementor-element-da3dfee elementor-widget elementor-widget-text-editor\" data-id=\"da3dfee\" data-element_type=\"widget\" data-e-type=\"widget\" data-widget_type=\"text-editor.default\">\n\t\t\t\t<div class=\"elementor-widget-container\">\n\t\t\t\t\t\t\t\t\t<p style=\"text-align: center;\"><span style=\"color: #797979;\"><em>Formaci\u00f3n Activa 2023 Copyright \u00a9 Todos los derechos reservados | <a style=\"color: #797979;\" href=\"https:\/\/formacionactiva.com.mx\/oferta-educativa\/index.php\/politica-de-cookies\/\" target=\"_blank\" rel=\"noopener\">Pol\u00edtica de Cookies<\/a> | <a style=\"color: #797979;\" href=\"https:\/\/formacionactiva.com.mx\/oferta-educativa\/index.php\/privacy-policy\/\" target=\"_blank\" rel=\"noopener\">Pol\u00edtica de Privacidad<\/a><\/em><\/span><\/p>\t\t\t\t\t\t\t\t<\/div>\n\t\t\t\t<\/div>\n\t\t\t\t\t<\/div>\n\t\t<\/div>\n\t\t\t\t\t<\/div>\n\t\t<\/section>\n\t\t\t\t<\/div>\n\t\t","protected":false},"excerpt":{"rendered":"<p>World&#8217;s Fastest Rompe las barreras del sal\u00f3n de clases En Formaci\u00f3n Activa impulsamos el desarrollo profesional y personal innovando en la aplicaci\u00f3n de tecnolog\u00eda para la educaci\u00f3n en el campo de la salud mental y la atenci\u00f3n psicol\u00f3gica profesional en l\u00ednea. Formaci\u00f3n Cursos y diplomados en l\u00ednea dirigidos a profesionales de la salud mental buscando la especializaci\u00f3n en diversos campos de la Psicolog\u00eda. Terapia Servicio de consulta psicol\u00f3gica en l\u00ednea abierta al p\u00fablico en general, en modalidad individual y de pareja, impartida a trav\u00e9s de videollamada en distintas aplicaciones. Capacitaci\u00f3n Cursos de capacitaci\u00f3n para empresas, en modalidad presencial y en l\u00ednea, con objetivos predise\u00f1ados o creados bajo demanda de acuerdo con las necesidades del cliente. \u00bfQuieres m\u00e1s informaci\u00f3n? Env\u00edanos un mensaje. Dany Castro@dani-2402 Read More Incre\u00edble diplomado de Sexualidad 100% recomendado. La docente es excelente y las clases son muy buenas \ud83e\udd29 Yonathan Efra\u00edn Luna Leal@yon-psx2417 Read More Vale la pena la inversi\u00f3n, aprendes mucho y adem\u00e1s es muy divertido e interesante. 10\/10 Las clases de Eli, hace como dos a\u00f1os que lo tomamos y seguimos en comunicaci\u00f3n y apoy\u00e1ndonos con casos etc Pamela Abarca@pam-2420 Read More Super recomendado ,estoy actualmente estudiando otro diplomado y los docentes muy preparados ,la atenci\u00f3n de excelencia , infinitas gracias \ud83d\ude4f Leny Zam Ruiz@leny-2439 Read More M\u00e1s que recomendable, experiencia, apertura, conocimiento y profesionalismo! An\u00edmense! Marisela Adame Gonzalez@adame-sx2409 Read More Super\u00f3 en todo mis expectativas.. Super recomendado!!! Adrian BC@adrian-psx2443 Read More Uno de los mejores diplomados que he tomado, super recomendado! La profesora excelente \ud83d\udc4c Monse Espinoza@mons-sx2439 Read More Recomendado, me encanto! Gris M\u00e9ndez Rosas@gris-sx2434 Read More Estoy a poco de terminar este diplomado, y estoy muy contenta y satisfecha con lo que he aprendido \ud83d\ude0a la docente Elizabeth bastante preparada y muy buenas sus clases \ud83d\udc4c\ud83d\udc4c Lo recomiendo mucho. Previous Next Formaci\u00f3n Activa 2023 Copyright \u00a9 Todos los derechos reservados | Pol\u00edtica de Cookies | Pol\u00edtica de Privacidad<\/p>\n","protected":false},"author":1,"featured_media":0,"parent":0,"menu_order":0,"comment_status":"closed","ping_status":"closed","template":"elementor_header_footer","meta":{"footnotes":""},"class_list":["post-533","page","type-page","status-publish","hentry"],"acf":[],"_links":{"self":[{"href":"https:\/\/formacionactiva.com.mx\/oferta-educativa\/index.php\/wp-json\/wp\/v2\/pages\/533","targetHints":{"allow":["GET"]}}],"collection":[{"href":"https:\/\/formacionactiva.com.mx\/oferta-educativa\/index.php\/wp-json\/wp\/v2\/pages"}],"about":[{"href":"https:\/\/formacionactiva.com.mx\/oferta-educativa\/index.php\/wp-json\/wp\/v2\/types\/page"}],"author":[{"embeddable":true,"href":"https:\/\/formacionactiva.com.mx\/oferta-educativa\/index.php\/wp-json\/wp\/v2\/users\/1"}],"replies":[{"embeddable":true,"href":"https:\/\/formacionactiva.com.mx\/oferta-educativa\/index.php\/wp-json\/wp\/v2\/comments?post=533"}],"version-history":[{"count":298,"href":"https:\/\/formacionactiva.com.mx\/oferta-educativa\/index.php\/wp-json\/wp\/v2\/pages\/533\/revisions"}],"predecessor-version":[{"id":6880,"href":"https:\/\/formacionactiva.com.mx\/oferta-educativa\/index.php\/wp-json\/wp\/v2\/pages\/533\/revisions\/6880"}],"wp:attachment":[{"href":"https:\/\/formacionactiva.com.mx\/oferta-educativa\/index.php\/wp-json\/wp\/v2\/media?parent=533"}],"curies":[{"name":"wp","href":"https:\/\/api.w.org\/{rel}","templated":true}]}}